q**3 + 105*q**2 - 97*q + 942. Calculate b(-106).
-12
Let x(s) = 2*s**3 + 51*s**2 - 28*s - 60. Give x(-26).
-8
Let c(q) = -10*q + 14. What is c(-12)?
134
Let f(j) = j**3 - 32*j**2 + 62*j + 40. Calculate f(30).
100
Let g(q) = -q**3 + 5*q**2 + 9*q - 1. Determine g(-4).
107
Let s(c) = 1045*c + 8366. Determine s(-8).
6
Let v(r) = -r**2 + r + 351. Determine v(-18).
9
Let t(m) = m**3 - 40*m**2 + 56*m + 753. Determine t(38).
-7
Let x(p) = -4*p**3 + 7*p**2 - 7*p - 7. Determine x(4).
-179
Let g(k) = k**3 - 81*k + 82. Give g(1).
2
Let y(o) = -3*o**3 + o**2 - 3*o + 38. Determine y(0).
38
Let l(v) = -40*v**2 - 167*v - 26. Give l(-4).
2
Let r(s) = -s**2 - 5*s + 309. Calculate r(16).
-27
Let o(a) = -5*a**2 - 725*a + 2975. Give o(-149).
-5
Let i(g) = 2*g**3 + 2*g**2 + 2*g - 7. Determine i(3).
71
Let p(g) = 42*g + 746. Calculate p(-18).
-10
Let u(y) = 196*y - 578. Calculate u(3).
10
Let r(s) = 34*s + 575. Calculate r(-16).
31
Let f(s) = 400*s**2 - 1598*s - 8. What is f(4)?
0
Let k(d) = -10*d**2 + 27*d - 100. Calculate k(3).
-109
Let y(r) = 268*r - 1063. Give y(5).
277
Let b(u) = -70*u + 859. Determine b(12).
19
Let q(d) = 382*d - 2288. Give q(6).
4
Let u(h) = 145*h - 9434. Give u(65).
-9
Let b(k) = k**3 - 9*k**2 + 31*k - 115. Determine b(7).
4
Let i(s) = -2*s**3 - 10*s**2 - 10*s - 11. Determine i(-5).
39
Let d(b) = 27*b - 250. Give d(3).
-169
Let p(w) = -34*w**2 - 43*w + 56. Determine p(-2).
6
Let c(r) = 64*r**3 + 15*r**2 + 31*r - 2. Give c(-2).
-516
Let a(g) = -g**3 + 25*g**2 + 91*g - 34. Give a(28).
162
Let w(k) = 901*k - 6311. Calculate w(7).
-4
Let f(t) = -t**3 - 9*t**2 + 8*t + 29. Determine f(-10).
49
Let y(f) = -33*f - 461. Give y(-13).
-32
Let m(r) = r**3 - 14*r**2 + 25*r - 6. What is m(12)?
6
Let n(f) = -15*f - 139. Give n(-8).
-19
Let g(t) = 3*t**2 - 41*t - 127. What is g(-3)?
23
Let r(o) = 2*o**2 - 58*o + 27. Give r(30).
87
Let o(j) = -22*j**3 - 2178*j**2 + 7*j + 694. Calculate o(-99).
1
Let h(k) = -23527*k + 94113. Calculate h(4).
5
Let q(s) = 51*s + 271. Determine q(-5).
16
Let p(g) = -g**3 + 3*g**2 + 31*g - 20. Determine p(7).
1
Let j(w) = 58*w - 1893. Determine j(33).
21
Let b(a) = -7*a**3 - 3*a**2 + 5. What is b(-2)?
49
Let r(v) = -7*v**3 + 499*v**2 + 357*v + 231. Calculate r(72).
15
Let i(y) = -2954*y + 88623. What is i(30)?
3
Let h(q) = -3*q**3 + 231*q**2 - 20*q + 1485. Determine h(77).
-55
Let p(o) = -2*o**2 - 70*o + 1809. Give p(18).
-99
Let k(p) = p**3 - 120*p**2 - 365*p + 14. What is k(-3)?
2
Let s(i) = -i**2 + 61*i + 88. Give s(0).
88
Let r(d) = d**3 - 16*d**2 + 55*d + 24. Give r(15).
624
Let z(f) = 5*f**3 + 20*f**2 - 20*f - 1. Give z(1).
4
Let h(k) = 29*k + 1461. Give h(-54).
-105
Let n(v) = -v**2 + 5*v + 31. Determine n(14).
-95
Let g(w) = w**2 + 76*w - 4202. Calculate g(37).
-21
Let u(k) = -43*k - 74. What is u(-5)?
141
Let n(h) = -4*h**2 - 29*h + 5. Give n(-7).
12
Let c(v) = -182*v + 5852. Determine c(32).
28
Let y(z) = -5*z**2 - 8*z + 1416. What is y(16)?
8
Let r(o) = -1285*o + 132344. Calculate r(103).
-11
Let q(w) = -2*w**2 + 52*w + 125. Give q(29).
-49
Let l(b) = b**2 - 20*b - 72. Determine l(20).
-72
Let t(l) = -13*l + 17. Determine t(-8).
121
Let u(a) = -a**3 - 20*a**2 + 27*a - 367. Give u(-22).
7
Let t(u) = -70*u**2 - 1096*u + 394. Calculate t(-16).
10
Let h(n) = 138*n - 554. Determine h(4).
-2
Let z(w) = -w**3 - 6*w**2 + 29*w + 71. Calculate z(-8).
-33
Let d(t) = 200*t + 152. Calculate d(-1).
-48
Let f(v) = -83*v + 909. Determine f(11).
-4
Let p(u) = 224*u**3 - 3*u**2 - 15*u - 12. What is p(-1)?
-224
Let m(t) = -40*t + 74. Calculate m(8).
-246
Let r(k) = k**3 + 87*k**2 - 269*k + 79. Calculate r(-90).
-11
Let y(u) = -50*u + 1719. Give y(34).
19
Let h(p) = 70*p**2 + 11*p + 14. Calculate h(-1).
73
Let z(g) = g**2 + 176*g - 536. What is z(3)?
1
Let u(j) = -j**3 - 117*j**2 + 353*j - 839. Calculate u(-120).
1
Let t(q) = q**3 - 5*q**2 - 65*q + 133. Give t(10).
-17
Let v(g) = -5*g**2 + 10*g + 6. Give v(-4).
-114
Let l(n) = n**3 + 5*n**2 - 33*n - 123. What is l(-6)?
39
Let f(b) = b**3 - 11*b**2 - 108*b - 1457. What is f(20)?
-17
Let b(c) = -566*c + 11873. Calculate b(21).
-13
Let a(s) = 10*s + 126. Determine a(-15).
-24
Let d(i) = -30*i - 1470. What is d(-67)?
540
Let w(l) = -2*l**3 - 36*l**2 + 41*l + 70. What is w(-19)?
13
Let t(h) = 7*h**2 - 26*h + 3. Calculate t(-4).
219
Let a(x) = -10*x**2 - 6*x - 42. Determine a(-6).
-366
Let s(f) = -49*f - 1627. Give s(-33).
-10
Let t(i) = 15*i - 16. Give t(4).
44
Let l(p) = 21*p**2 - 111*p + 15. Give l(6).
105
Let v(a) = 8*a**3 + 6*a**2 + 33*a + 33. What is v(-1)?
-2
Let u(q) = -15*q**2 + 12*q - 4. What is u(1)?
-7
Let q(y) = 15*y**2 + 8*y - 88. What is q(5)?
327
Let z(l) = 4*l**2 + 15*l + 1. Determine z(0).
1
Let z(k) = -142*k + 852. What is z(6)?
0
Let l(x) = -x**2 + 15*x - 24. Give l(5).
26
Let c(h) = 3*h**2 + 77*h - 10. What is c(-26)?
16
Let f(d) = 2935*d - 17616. Determine f(6).
-6
Let g(o) = 2*o**3 - 25*o**2 + 62*o - 145. What is g(10)?
-25
Let w(o) = 9*o + 88. Give w(-20).
-92
Let k(m) = -m**2 - 244*m + 488. Calculate k(2).
-4
Let m(f) = 10*f**2 + 155*f - 154. Give m(1).
11
Let i(j) = -2395*j - 26349. Calculate i(-11).
-4
Let l(d) = d**3 + 18*d**2 - 73*d - 192. Determine l(-21).
18
Let d(c) = -6*c**3 + 184*c**2 + 56*c + 79. Determine d(31).
-107
Let m(z) = z**3 + 10*z**2 - 7*z - 16. Calculate m(-11).
-60
Let p(i) = 933*i + 5554. Determine p(-6).
-44
Let q(w) = w**3 + 8*w**2 + 7*w + 140. What is q(-9)?
-4
Let p(k) = -k**2 - 37*k + 36. Give p(-38).
-2
Let r(l) = -8*l**2 - 121*l + 111. Calculate r(-16).
-1
Let j(p) = p**3 - 2*p**2 - 68*p + 224. Give j(3).
29
Let l(y) = -2*y**2 - 30*y - 181. What is l(-8)?
-69
Let s(o) = -4996*o - 15030. Calculate s(-3).
-42
Let b(p) = -61*p + 29. Determine b(0).
29
Let l(d) = -d**3 + 5*d**2 + 3*d - 12. Determine l(-2).
10
Let c(x) = -78*x**2 + 4736*x + 1346. Determine c(61).
4
Let z(y) = 97*y - 4817. What is z(50)?
33
Let r(v) = v**3 - 29*v**2 + 59*v - 46. Calculate r(27).
89
Let f(v) = -v**2 + 201*v - 9673. What is f(121)?
7
Let h(j) = j**3 + 146*j**2 + 3300*j - 465. What is h(-118)?
7
Let z(m) = 4*m**2 + 70*m - 300. Give z(4).
44
Let c(o) = 15*o**2 - 34*o - 33. Give c(-1).
16
Let i(j) = -288*j + 3183. Determine i(11).
15
Let a(j) = 8*j + 437. Calculate a(-47).
61
Let c(x) = x**3 - 16*x**2 - 21*x + 51. Calculate c(17).
-17
Let q(h) = h**2 + 5*h + 213. Calculate q(0).
213
Let w(q) = -q**3 - 96*q**2 + 1414*q + 28. Calculate w(13).
-11
Let g(q) = -55*q - 1274. Calculate g(-23).
-9
Let a(k) = -3390*k - 16943. Calculate a(-5).
7
Let h(o) = 1190*o - 122575. Determine h(103).
-5
Let h(a) = -a**2 + 1406*a - 49365. Give h(36).
-45
Let k(f) = -66*f + 1269. What is k(17)?
147
Let u(m) = -138*m + 71. Determine u(-1).
209
Let m(x) = -163*x - 6580. Give m(-40).
-60
Let q(l) = 679*l - 4024. Determine q(5).
-629
Let g(t) = 9592*t + 143885. Calculate g(-15).
5
Let d(r) = 4*r**3 + 408*r**2 - 3*r - 299. Give d(-102).
7
Let d(b) = -7*b**2 - 33*b - 242. Calculate d(-7).
-354
Let c(x) = x**3 + 11*x**2 + 21*x + 2. Determine c(-3).
11
Let s(h) = h**2 + 222*h + 11997. Give s(-93).
0
Let g(a) = a**3 + 99*a**2 - 124*a - 2408. Determine g(-100).
-8
Let r(g) = 35*g - 476. Calculate r(14).
14
Let j(q) = q**3 - 5*q - 6. Determine j(-3).
-18
Let n(z) = 435*z + 16520. What is n(-38)?
-10
Let n(w) = -w**2 + 64*w - 236. Calculate n(60).
4
Let p(v) = -2*v**2 - 33*v - 49. Calculate p(-10).
81
Let k(d) = -4894*d + 78309. Determine k(16).
5
Let w(z) = -18*z**3 + 288*z**2 - 5*z + 98. Calculate w(16).
18
Let j(s) = -5*s - 65. Calculate j(-7).
-30
Let l(x) = 2*x**3 - 8*x**2 - 53*x + 28. Calculate l(-4).
-16
Let h(x) = -2*x**3 + 5*x**2 + 77*x - 263. Give h(4).
-3
Let i(p) = p**2 - 185*p + 6481. Determine i(47).
-5
Let r(x) = 657*x - 7235. Determine r(11).
-8
Let r(k) = k**3 + 5*k**2 - 139*k - 800. What is r(-6)?
-2
Let r(g) = g**2 - 31*g + 45. Calculate r(29).
-13
Let q(v) = 3*v**3 + v**2 - 78*v - 19. Determine q(5).
-9
Let y(c) = -c**2 + 87*c - 838. Calculate y(10).
-68
Let l(k) = k**3 - 64*k**2 + 627*k - 38. Calculate l(12).
-2
Let u(z) = -z**3 - 5*z**2 - 23*z - 106. Calculate u(-6).
68
Let l(u) = -2*u**2 + 12*u + 21. Give l(5).
31
Let p(z) = -z**3 - 75*z**2 - 480*z - 268. What is p(-68)?
4
Let t(y) = 77*y**2 + 986*y + 3. Calculate t(-13).
198
Let n(a) = 2*a**2 + 50*a + 8. Determine n(-29).
